{"id":2,"date":"2025-10-02T16:38:08","date_gmt":"2025-10-02T16:38:08","guid":{"rendered":"https:\/\/contrepied.ch\/?page_id=2"},"modified":"2026-02-21T20:07:59","modified_gmt":"2026-02-21T20:07:59","slug":"contrepied_fr","status":"publish","type":"page","link":"https:\/\/contrepied.ch\/index.php\/contrepied_fr\/","title":{"rendered":"ContrePied"},"content":{"rendered":"<p>[et_pb_section fb_built=\u00a0\u00bb1&Prime; _builder_version=\u00a0\u00bb4.16&Prime; global_colors_info=\u00a0\u00bb{}\u00a0\u00bb][et_pb_row _builder_version=\u00a0\u00bb4.27.4&Prime; _module_preset=\u00a0\u00bbdefault\u00a0\u00bb global_colors_info=\u00a0\u00bb{}\u00a0\u00bb][et_pb_column type=\u00a0\u00bb4_4&Prime; _builder_version=\u00a0\u00bb4.27.4&Prime; _module_preset=\u00a0\u00bbdefault\u00a0\u00bb global_colors_info=\u00a0\u00bb{}\u00a0\u00bb][et_pb_text _builder_version=\u00a0\u00bb4.27.4&Prime; _module_preset=\u00a0\u00bbdefault\u00a0\u00bb global_colors_info=\u00a0\u00bb{}\u00a0\u00bb]<\/p>\n<h3 class=\"wp-block-heading\">Domaine et Action Po\u00e9tique<\/h3>\n<p>[\/et_pb_text][\/et_pb_column][\/et_pb_row][et_pb_row _builder_version=\u00a0\u00bb4.27.4&Prime; _module_preset=\u00a0\u00bbdefault\u00a0\u00bb custom_margin=\u00a0\u00bb-27px|auto||auto||\u00a0\u00bb custom_padding=\u00a0\u00bb||6px|||\u00a0\u00bb global_colors_info=\u00a0\u00bb{}\u00a0\u00bb][et_pb_column type=\u00a0\u00bb4_4&Prime; _builder_version=\u00a0\u00bb4.27.4&Prime; _module_preset=\u00a0\u00bbdefault\u00a0\u00bb global_colors_info=\u00a0\u00bb{}\u00a0\u00bb][et_pb_text _builder_version=\u00a0\u00bb4.27.4&Prime; _module_preset=\u00a0\u00bbdefault\u00a0\u00bb custom_margin=\u00a0\u00bb-20px|||||\u00a0\u00bb global_colors_info=\u00a0\u00bb{}\u00a0\u00bb]<\/p>\n<p><em>Arts plastiques &amp; graphiques &#8211; Th\u00e9\u00e2tre Danse d\u2019art et d\u2019essai &#8211; Texte &#8211; Performance &#8211; Musique &#8211; Cin\u00e9ma &#8211; Vid\u00e9o &#8211; Photo\u2026<\/em><\/p>\n<p>[\/et_pb_text][et_pb_testimonial author=\u00a0\u00bbJean &#8211; Pierre Sim\u00e9on. \u00abPetit \u00e9loge de la po\u00e9sie\u00bb \u00c9dition Gallimard 2021.\u00a0\u00bb _builder_version=\u00a0\u00bb4.27.4&Prime; _module_preset=\u00a0\u00bbdefault\u00a0\u00bb text_orientation=\u00a0\u00bbcenter\u00a0\u00bb width=\u00a0\u00bb88%\u00a0\u00bb module_alignment=\u00a0\u00bbcenter\u00a0\u00bb box_shadow_style=\u00a0\u00bbpreset4&Prime; global_colors_info=\u00a0\u00bb{}\u00a0\u00bb]<\/p>\n<p style=\"text-align: center;\"><em>\u00abLa Po\u00e9sie est la raison de tous les Arts\u2026 Le principe Po\u00e9tique est \u00e0 l\u2019amont de toute expression artistique\u2026 Cet acte po\u00e9tique proc\u00e8de lui-m\u00eame d\u2019un \u00ab\u00e9tat de po\u00e9sie\u00bb\u2026 En cela un.e artiste est d\u2019abord po\u00e8te\u2026La po\u00e9sie, une n\u00e9cessit\u00e9 vitale\u2026\u00bb<\/em><\/p>\n<p>[\/et_pb_testimonial][\/et_pb_column][\/et_pb_row][et_pb_row column_structure=\u00a0\u00bb1_4,3_4&Prime; _builder_version=\u00a0\u00bb4.27.4&Prime; _module_preset=\u00a0\u00bbdefault\u00a0\u00bb custom_padding=\u00a0\u00bb64px|||||\u00a0\u00bb global_colors_info=\u00a0\u00bb{}\u00a0\u00bb][et_pb_column type=\u00a0\u00bb1_4&Prime; _builder_version=\u00a0\u00bb4.27.4&Prime; _module_preset=\u00a0\u00bbdefault\u00a0\u00bb global_colors_info=\u00a0\u00bb{}\u00a0\u00bb][et_pb_image src=\u00a0\u00bbhttps:\/\/contrepied.ch\/wp-content\/uploads\/2025\/10\/PHOTO-2025-09-22-12-29-11-2.jpg\u00a0\u00bb title_text=\u00a0\u00bbPHOTO-2025-09-22-12-29-11 2&Prime; _builder_version=\u00a0\u00bb4.27.4&Prime; _module_preset=\u00a0\u00bbdefault\u00a0\u00bb global_colors_info=\u00a0\u00bb{}\u00a0\u00bb][\/et_pb_image][\/et_pb_column][et_pb_column type=\u00a0\u00bb3_4&Prime; _builder_version=\u00a0\u00bb4.27.4&Prime; _module_preset=\u00a0\u00bbdefault\u00a0\u00bb global_colors_info=\u00a0\u00bb{}\u00a0\u00bb][et_pb_text _builder_version=\u00a0\u00bb4.27.4&Prime; _module_preset=\u00a0\u00bbdefault\u00a0\u00bb text_font_size=\u00a0\u00bb21px\u00a0\u00bb global_colors_info=\u00a0\u00bb{}\u00a0\u00bb]<\/p>\n<div class=\"wp-block-column\" style=\"flex-basis: 33.33%;\">\n<figure class=\"wp-block-image size-full\"><\/figure>\n<figure class=\"wp-block-image size-full\">Dans le cadre de la Journ\u00e9e Mondiale de la Po\u00e9sie, proclam\u00e9e par l\u2019UNESCO, \u00abContrePied\u00bb &#8211; initi\u00e9 et anim\u00e9 par Rolf Zbinden et Philippe Minella &#8211; est un \u00e9v\u00e8nement bilingue Biennois o\u00f9 toutes formes artistiques qui rel\u00e8vent d\u2019une \u00abPo\u00e9tique en Action\u00bb devient un espace de r\u00e9flexions et d\u2019\u00e9changes de toutes les cultures.<\/figure>\n<p>&nbsp;<\/p>\n<div class=\"wp-block-column\" style=\"flex-basis: 33.33%;\">\n<figure class=\"wp-block-image size-full\">\u00abContrePied\u00bb, par filiation artistique, s\u2019inspire du Domaine Po\u00e9tique fond\u00e9 au d\u00e9but des ann\u00e9es 1960 par Jean-Loup Philippe avec quelques po\u00e8tes: <em>Brion Gyrin, William S. Burroughs, Gherasim Lucas, Robert Filliou, Jean-Clarence Lambert, Emmet Williams\u2026<\/em> Le\u00b7La po\u00e9te\u00b7sse alors, sort du livre et s\u2019exprime en Action Sc\u00e9nique. <em>Fran\u00e7ois Dufresne, Bernard Heidsieck <\/em>et<em> Henri Chopin<\/em> s\u2019engagent dans une nouvelle voie : <em>La Po\u00e9sie Sonore<\/em>. En 1963, <em>Jean Loup Philippe<\/em> sous la direction de <em>Jean Tardieu<\/em> met en sc\u00e8ne au Mus\u00e9e d\u2019Art Moderne de la Ville de Paris 22 heures de spectacle pour la <em>1\u00e8re Biennale de Paris &#8211; Art du Langage<\/em>. Le Th\u00e9\u00e2tre et la Po\u00e9sie d\u2019expression nouvelle du monde entier sont repr\u00e9sent\u00e9s.<\/figure>\n<p>&nbsp;<\/p>\n<p>\u00abContrePied\u00bb se reconna\u00eet dans les repr\u00e9sentations plurielles de la po\u00e9sie et souhaite aujourd\u2019hui, dans le cadre de la Journ\u00e9e Mondiale de la Po\u00e9sie, offrir \u00e0 Bienne : un espace d\u2019expression artistique aux esth\u00e9tiques, r\u00e9cits, intentions, profond\u00e9ment singuliers et ainsi inviter les spectateurs \u00e0 d\u00e9couvrir des univers sc\u00e9niques surprenants.<\/p>\n<p><!-- \/divi:image --><\/div>\n<p><!-- \/divi:column --><!-- divi:column {\"width\":\"66.66%\"} --><!-- \/divi:image --><\/div>\n<p><!-- \/divi:column --><!-- divi:column {\"width\":\"66.66%\"} -->[\/et_pb_text][\/et_pb_column][\/et_pb_row][\/et_pb_section]<\/p>\n","protected":false},"excerpt":{"rendered":"<p>Domaine et Action Po\u00e9tiqueArts plastiques &amp; graphiques &#8211; Th\u00e9\u00e2tre Danse d\u2019art et d\u2019essai &#8211; Texte &#8211; Performance &#8211; Musique &#8211; Cin\u00e9ma &#8211; Vid\u00e9o &#8211; Photo\u2026\u00abLa Po\u00e9sie est la raison de tous les Arts\u2026 Le principe Po\u00e9tique est \u00e0 l\u2019amont de toute expression artistique\u2026 Cet acte po\u00e9tique proc\u00e8de lui-m\u00eame d\u2019un \u00ab\u00e9tat de po\u00e9sie\u00bb\u2026 En cela un.e [&hellip;]<\/p>\n","protected":false},"author":1,"featured_media":0,"parent":0,"menu_order":0,"comment_status":"closed","ping_status":"closed","template":"","meta":{"_et_pb_use_builder":"on","_et_pb_old_content":"<!-- wp:heading {\"level\":3} -->\n<h3 class=\"wp-block-heading\">Domaine et Action Po\u00e9tique<\/h3>\n<!-- \/wp:heading -->\n\n<!-- wp:paragraph -->\n<p><em>Arts plastiques &amp; graphiques - Th\u00e9\u00e2tre Danse d\u2019art et d\u2019essai - Texte - Performance - Musique - Cin\u00e9ma - Vid\u00e9o - Photo\u2026<\/em><\/p>\n<!-- \/wp:paragraph -->\n\n<!-- wp:columns -->\n<div class=\"wp-block-columns\"><!-- wp:column {\"width\":\"33.33%\"} -->\n<div class=\"wp-block-column\" style=\"flex-basis:33.33%\"><!-- wp:image {\"id\":12,\"sizeSlug\":\"full\",\"linkDestination\":\"none\"} -->\n<figure class=\"wp-block-image size-full\"><img src=\"https:\/\/contrepied.ch\/wp-content\/uploads\/2025\/10\/PHOTO-2025-09-22-12-29-11-2.jpg\" alt=\"\" class=\"wp-image-12\"\/><\/figure>\n<!-- \/wp:image --><\/div>\n<!-- \/wp:column -->\n\n<!-- wp:column {\"width\":\"66.66%\"} -->\n<div class=\"wp-block-column\" style=\"flex-basis:66.66%\"><!-- wp:paragraph -->\n<p>Dans le cadre de la Journ\u00e9e Mondiale de la Po\u00e9sie et le Printemps des Po\u00e8tes proclam\u00e9e et soutenue par l\u2019UNESCO, \u00ab Contre-Pied \u00bb - initi\u00e9 et anim\u00e9 par <em>Rolf Zbinden<\/em> et <em>Philippe Minella<\/em> - est un \u00e9v\u00e8nement Biennois o\u00f9 toutes formes artistiques qui rel\u00e8vent d\u2019une \u00ab Po\u00e9tique en Action \u00ab devient un espace de r\u00e9flexions et d\u2019'\u00e9changes de toutes les cultures.<\/p>\n<!-- \/wp:paragraph --><\/div>\n<!-- \/wp:column --><\/div>\n<!-- \/wp:columns -->\n\n<!-- wp:quote -->\n<blockquote class=\"wp-block-quote\"><!-- wp:paragraph {\"fontSize\":\"medium\"} -->\n<p class=\"has-medium-font-size\"><em>\u00ab La Po\u00e9sie est la raison de tous les Arts\u2026 Le principe Po\u00e9tique est \u00e0 l\u2019amont de toute expression artistique\u2026 Cet acte po\u00e9tique proc\u00e8de lui-m\u00eame d\u2019un \u00ab \u00e9tat de po\u00e9sie \u00bb\u2026 En cela un.e artiste est d\u2019abord po\u00e8te\u2026La po\u00e9sie, une n\u00e9cessit\u00e9 vitale\u2026 \u00bb<\/em><\/p>\n<!-- \/wp:paragraph --><\/blockquote>\n<!-- \/wp:quote -->\n\n<!-- wp:paragraph {\"className\":\"is-style-text-annotation\"} -->\n<p class=\"is-style-text-annotation\">Jean - Pierre Sim\u00e9on. \u00ab Petit \u00e9loge de la po\u00e9sie\" \u00c9dition Gallimard 2021.<\/p>\n<!-- \/wp:paragraph -->","_et_gb_content_width":"1080","footnotes":""},"class_list":["post-2","page","type-page","status-publish","hentry"],"lang":"fr","translations":{"fr":2,"de":36},"pll_sync_post":[],"_links":{"self":[{"href":"https:\/\/contrepied.ch\/index.php\/wp-json\/wp\/v2\/pages\/2","targetHints":{"allow":["GET"]}}],"collection":[{"href":"https:\/\/contrepied.ch\/index.php\/wp-json\/wp\/v2\/pages"}],"about":[{"href":"https:\/\/contrepied.ch\/index.php\/wp-json\/wp\/v2\/types\/page"}],"author":[{"embeddable":true,"href":"https:\/\/contrepied.ch\/index.php\/wp-json\/wp\/v2\/users\/1"}],"replies":[{"embeddable":true,"href":"https:\/\/contrepied.ch\/index.php\/wp-json\/wp\/v2\/comments?post=2"}],"version-history":[{"count":25,"href":"https:\/\/contrepied.ch\/index.php\/wp-json\/wp\/v2\/pages\/2\/revisions"}],"predecessor-version":[{"id":129,"href":"https:\/\/contrepied.ch\/index.php\/wp-json\/wp\/v2\/pages\/2\/revisions\/129"}],"wp:attachment":[{"href":"https:\/\/contrepied.ch\/index.php\/wp-json\/wp\/v2\/media?parent=2"}],"curies":[{"name":"wp","href":"https:\/\/api.w.org\/{rel}","templated":true}]}}